{"id":413,"date":"2015-09-09T10:48:44","date_gmt":"2015-09-09T09:48:44","guid":{"rendered":"http:\/\/menuisier-cholet.com\/?page_id=413"},"modified":"2020-04-19T11:39:10","modified_gmt":"2020-04-19T10:39:10","slug":"conseils","status":"publish","type":"page","link":"https:\/\/www.menuisier-cholet.com\/?page_id=413","title":{"rendered":"Conseils"},"content":{"rendered":"<div id=\"pl-413\"  class=\"panel-layout\" ><div id=\"pg-413-0\"  class=\"panel-grid panel-no-style\" ><div id=\"pgc-413-0-0\"  class=\"panel-grid-cell\" ><h3 class=\"widget-title\">Mes conseils<\/h3><div id=\"panel-413-0-0-0\" class=\"so-panel widget widget_ccchildpages_widget panel-first-child panel-last-child\" data-index=\"0\"><ul><li class=\"page_item page-item-425\"><a href=\"https:\/\/www.menuisier-cholet.com\/?page_id=425\">Conseils fen\u00eatres<\/a><\/li>\n<li class=\"page_item page-item-419\"><a href=\"https:\/\/www.menuisier-cholet.com\/?page_id=419\">Conseils isolation<\/a><\/li>\n<li class=\"page_item page-item-432\"><a href=\"https:\/\/www.menuisier-cholet.com\/?page_id=432\">Conseils portes d&rsquo;entr\u00e9e<\/a><\/li>\n<\/ul><\/div><\/div><\/div><\/div>","protected":false},"excerpt":{"rendered":"<p>Mes conseilsConseils fen\u00eatres Conseils isolation Conseils portes d&rsquo;entr\u00e9e<\/p>\n<div style=\"padding-bottom:20px; padding-top:10px;\" class=\"hupso-share-buttons\"><!-- Hupso Share Buttons - https:\/\/www.hupso.com\/share\/ --><a class=\"hupso_toolbar\" href=\"https:\/\/www.hupso.com\/share\/\"><img src=\"https:\/\/static.hupso.com\/share\/buttons\/lang\/fr\/share-medium.png\" style=\"border:0px; padding-top: 5px; float:left;\" alt=\"Share Button\"\/><\/a><script type=\"text\/javascript\">var hupso_services_t=new Array(\"Twitter\",\"Facebook\",\"Google Plus\",\"Email\",\"Print\");var hupso_background_t=\"#EAF4FF\";var hupso_border_t=\"#66CCFF\";var hupso_toolbar_size_t=\"medium\";var hupso_image_folder_url = \"\";var hupso_url_t=\"\";var hupso_title_t=\"Conseils\";<\/script><script type=\"text\/javascript\" src=\"https:\/\/static.hupso.com\/share\/js\/share_toolbar.js\"><\/script><!-- Hupso Share Buttons --><\/div>","protected":false},"author":1,"featured_media":0,"parent":0,"menu_order":0,"comment_status":"closed","ping_status":"closed","template":"","meta":{"footnotes":""},"class_list":["post-413","page","type-page","status-publish","hentry"],"yoast_head":"<!-- This site is optimized with the Yoast SEO plugin v27.3 - https:\/\/yoast.com\/product\/yoast-seo-wordpress\/ -->\n<title>Menuiserie Service 49 \u00e0 Cholet, Bruno Richou Artisan menuisier !<\/title>\n<meta name=\"description\" content=\"Bruno Richou, artisan menuisier \u00e0 Cholet vous apporte sa comp\u00e9tence dans les domaines suivants : Isolation \u00e9cologique, cloisons s\u00e8ches, plafond suspendus, stores, volets, bardages, agencements, menuiserie, porte, store, porte de garage, fen\u00eatres alu, bois et pvc\" \/>\n<meta name=\"robots\" content=\"index, follow, max-snippet:-1, max-image-preview:large, max-video-preview:-1\" \/>\n<link rel=\"canonical\" href=\"https:\/\/www.menuisier-cholet.com\/?page_id=413\" \/>\n<meta property=\"og:locale\" content=\"fr_FR\" \/>\n<meta property=\"og:type\" content=\"article\" \/>\n<meta property=\"og:title\" content=\"Menuiserie Service 49 \u00e0 Cholet, Bruno Richou Artisan menuisier !\" \/>\n<meta property=\"og:description\" content=\"Bruno Richou, artisan menuisier \u00e0 Cholet vous apporte sa comp\u00e9tence dans les domaines suivants : Isolation \u00e9cologique, cloisons s\u00e8ches, plafond suspendus, stores, volets, bardages, agencements, menuiserie, porte, store, porte de garage, fen\u00eatres alu, bois et pvc\" \/>\n<meta property=\"og:url\" content=\"https:\/\/www.menuisier-cholet.com\/?page_id=413\" \/>\n<meta property=\"og:site_name\" content=\"Menuiserie Service 49 \u00e0 Cholet\" \/>\n<meta property=\"article:modified_time\" content=\"2020-04-19T10:39:10+00:00\" \/>\n<meta name=\"twitter:card\" content=\"summary_large_image\" \/>\n<script type=\"application\/ld+json\" class=\"yoast-schema-graph\">{\"@context\":\"https:\\\/\\\/schema.org\",\"@graph\":[{\"@type\":\"WebPage\",\"@id\":\"https:\\\/\\\/www.menuisier-cholet.com\\\/?page_id=413\",\"url\":\"https:\\\/\\\/www.menuisier-cholet.com\\\/?page_id=413\",\"name\":\"Menuiserie Service 49 \u00e0 Cholet, Bruno Richou Artisan menuisier !\",\"isPartOf\":{\"@id\":\"https:\\\/\\\/www.menuisier-cholet.com\\\/#website\"},\"datePublished\":\"2015-09-09T09:48:44+00:00\",\"dateModified\":\"2020-04-19T10:39:10+00:00\",\"description\":\"Bruno Richou, artisan menuisier \u00e0 Cholet vous apporte sa comp\u00e9tence dans les domaines suivants : Isolation \u00e9cologique, cloisons s\u00e8ches, plafond suspendus, stores, volets, bardages, agencements, menuiserie, porte, store, porte de garage, fen\u00eatres alu, bois et pvc\",\"breadcrumb\":{\"@id\":\"https:\\\/\\\/www.menuisier-cholet.com\\\/?page_id=413#breadcrumb\"},\"inLanguage\":\"fr-FR\",\"potentialAction\":[{\"@type\":\"ReadAction\",\"target\":[\"https:\\\/\\\/www.menuisier-cholet.com\\\/?page_id=413\"]}]},{\"@type\":\"BreadcrumbList\",\"@id\":\"https:\\\/\\\/www.menuisier-cholet.com\\\/?page_id=413#breadcrumb\",\"itemListElement\":[{\"@type\":\"ListItem\",\"position\":1,\"name\":\"Accueil\",\"item\":\"https:\\\/\\\/www.menuisier-cholet.com\\\/\"},{\"@type\":\"ListItem\",\"position\":2,\"name\":\"Conseils\"}]},{\"@type\":\"WebSite\",\"@id\":\"https:\\\/\\\/www.menuisier-cholet.com\\\/#website\",\"url\":\"https:\\\/\\\/www.menuisier-cholet.com\\\/\",\"name\":\"Menuiserie Service 49 \u00e0 Cholet\",\"description\":\"Bruno Richou, artisan menuisier \u00e0 Cholet vous apporte sa comp\u00e9tence dans les domaines suivants : Isolation \u00e9cologique, cloisons s\u00e8ches, plafond suspendus, stores, volets, bardages, agencements, menuiserie, porte, store, porte de garage, fen\u00eatres alu, bois et pvc\",\"potentialAction\":[{\"@type\":\"SearchAction\",\"target\":{\"@type\":\"EntryPoint\",\"urlTemplate\":\"https:\\\/\\\/www.menuisier-cholet.com\\\/?s={search_term_string}\"},\"query-input\":{\"@type\":\"PropertyValueSpecification\",\"valueRequired\":true,\"valueName\":\"search_term_string\"}}],\"inLanguage\":\"fr-FR\"}]}<\/script>\n<!-- \/ Yoast SEO plugin. -->","yoast_head_json":{"title":"Menuiserie Service 49 \u00e0 Cholet, Bruno Richou Artisan menuisier !","description":"Bruno Richou, artisan menuisier \u00e0 Cholet vous apporte sa comp\u00e9tence dans les domaines suivants : Isolation \u00e9cologique, cloisons s\u00e8ches, plafond suspendus, stores, volets, bardages, agencements, menuiserie, porte, store, porte de garage, fen\u00eatres alu, bois et pvc","robots":{"index":"index","follow":"follow","max-snippet":"max-snippet:-1","max-image-preview":"max-image-preview:large","max-video-preview":"max-video-preview:-1"},"canonical":"https:\/\/www.menuisier-cholet.com\/?page_id=413","og_locale":"fr_FR","og_type":"article","og_title":"Menuiserie Service 49 \u00e0 Cholet, Bruno Richou Artisan menuisier !","og_description":"Bruno Richou, artisan menuisier \u00e0 Cholet vous apporte sa comp\u00e9tence dans les domaines suivants : Isolation \u00e9cologique, cloisons s\u00e8ches, plafond suspendus, stores, volets, bardages, agencements, menuiserie, porte, store, porte de garage, fen\u00eatres alu, bois et pvc","og_url":"https:\/\/www.menuisier-cholet.com\/?page_id=413","og_site_name":"Menuiserie Service 49 \u00e0 Cholet","article_modified_time":"2020-04-19T10:39:10+00:00","twitter_card":"summary_large_image","schema":{"@context":"https:\/\/schema.org","@graph":[{"@type":"WebPage","@id":"https:\/\/www.menuisier-cholet.com\/?page_id=413","url":"https:\/\/www.menuisier-cholet.com\/?page_id=413","name":"Menuiserie Service 49 \u00e0 Cholet, Bruno Richou Artisan menuisier !","isPartOf":{"@id":"https:\/\/www.menuisier-cholet.com\/#website"},"datePublished":"2015-09-09T09:48:44+00:00","dateModified":"2020-04-19T10:39:10+00:00","description":"Bruno Richou, artisan menuisier \u00e0 Cholet vous apporte sa comp\u00e9tence dans les domaines suivants : Isolation \u00e9cologique, cloisons s\u00e8ches, plafond suspendus, stores, volets, bardages, agencements, menuiserie, porte, store, porte de garage, fen\u00eatres alu, bois et pvc","breadcrumb":{"@id":"https:\/\/www.menuisier-cholet.com\/?page_id=413#breadcrumb"},"inLanguage":"fr-FR","potentialAction":[{"@type":"ReadAction","target":["https:\/\/www.menuisier-cholet.com\/?page_id=413"]}]},{"@type":"BreadcrumbList","@id":"https:\/\/www.menuisier-cholet.com\/?page_id=413#breadcrumb","itemListElement":[{"@type":"ListItem","position":1,"name":"Accueil","item":"https:\/\/www.menuisier-cholet.com\/"},{"@type":"ListItem","position":2,"name":"Conseils"}]},{"@type":"WebSite","@id":"https:\/\/www.menuisier-cholet.com\/#website","url":"https:\/\/www.menuisier-cholet.com\/","name":"Menuiserie Service 49 \u00e0 Cholet","description":"Bruno Richou, artisan menuisier \u00e0 Cholet vous apporte sa comp\u00e9tence dans les domaines suivants : Isolation \u00e9cologique, cloisons s\u00e8ches, plafond suspendus, stores, volets, bardages, agencements, menuiserie, porte, store, porte de garage, fen\u00eatres alu, bois et pvc","potentialAction":[{"@type":"SearchAction","target":{"@type":"EntryPoint","urlTemplate":"https:\/\/www.menuisier-cholet.com\/?s={search_term_string}"},"query-input":{"@type":"PropertyValueSpecification","valueRequired":true,"valueName":"search_term_string"}}],"inLanguage":"fr-FR"}]}},"_links":{"self":[{"href":"https:\/\/www.menuisier-cholet.com\/index.php?rest_route=\/wp\/v2\/pages\/413","targetHints":{"allow":["GET"]}}],"collection":[{"href":"https:\/\/www.menuisier-cholet.com\/index.php?rest_route=\/wp\/v2\/pages"}],"about":[{"href":"https:\/\/www.menuisier-cholet.com\/index.php?rest_route=\/wp\/v2\/types\/page"}],"author":[{"embeddable":true,"href":"https:\/\/www.menuisier-cholet.com\/index.php?rest_route=\/wp\/v2\/users\/1"}],"replies":[{"embeddable":true,"href":"https:\/\/www.menuisier-cholet.com\/index.php?rest_route=%2Fwp%2Fv2%2Fcomments&post=413"}],"version-history":[{"count":0,"href":"https:\/\/www.menuisier-cholet.com\/index.php?rest_route=\/wp\/v2\/pages\/413\/revisions"}],"wp:attachment":[{"href":"https:\/\/www.menuisier-cholet.com\/index.php?rest_route=%2Fwp%2Fv2%2Fmedia&parent=413"}],"curies":[{"name":"wp","href":"https:\/\/api.w.org\/{rel}","templated":true}]}}